ghest common factor of 4 and 94.
2
What is the highest common factor of 25 and 2270?
5
Calculate the greatest common divisor of 1891 and 61.
61
What is the highest common divisor of 66 and 440?
22
What is the highest common factor of 21 and 483?
21
What is the greatest common factor of 72 and 90?
18
Calculate the highest common factor of 290 and 47270.
290
Calculate the highest common divisor of 21 and 609.
21
What is the greatest common factor of 1435 and 70?
35
What is the greatest common divisor of 47 and 752?
47
What is the greatest common divisor of 70 and 182?
14
Calculate the greatest common factor of 5599 and 11.
11
What is the greatest common factor of 8 and 8?
8
What is the highest common divisor of 52 and 182?
26
What is the greatest common factor of 399 and 247?
19
What is the greatest common divisor of 49 and 70?
7
What is the greatest common divisor of 9 and 1077?
3
Calculate the highest common factor of 142 and 41464.
142
Calculate the greatest common divisor of 28 and 14378.
14
Calculate the highest common factor of 299 and 13.
13
What is the greatest common divisor of 5 and 115?
5
What is the highest common divisor of 289 and 51?
17
Calculate the greatest common divisor of 22 and 5071.
11
What is the greatest common divisor of 148 and 111?
37
Calculate the greatest common factor of 32 and 712.
8
Calculate the greatest common factor of 144 and 369.
9
What is the greatest common divisor of 660 and 2508?
132
What is the greatest common factor of 165 and 15?
15
Calculate the greatest common divisor of 640 and 430.
10
Calculate the highest common divisor of 91 and 3640.
91
What is the greatest common factor of 1365 and 15?
15
What is the highest common factor of 78 and 52?
26
What is the greatest common factor of 107 and 4?
1
Calculate the highest common divisor of 250 and 625.
125
Calculate the greatest common divisor of 810 and 30.
30
Calculate the greatest common divisor of 6 and 22.
2
What is the greatest common divisor of 28 and 70?
14
What is the highest common factor of 86 and 2322?
86
What is the highest common factor of 21 and 2124?
3
Calculate the greatest common divisor of 193 and 8.
1
What is the greatest common factor of 240 and 11640?
120
Calculate the greatest common divisor of 24 and 6.
6
What is the greatest common factor of 325 and 39?
13
Calculate the greatest common factor of 77 and 297.
11
What is the greatest common divisor of 276 and 72?
12
What is the greatest common divisor of 2839 and 51?
17
What is the highest common factor of 51 and 3009?
51
What is the highest common divisor of 90 and 72?
18
What is the greatest common divisor of 31 and 31?
31
Calculate the highest common factor of 152 and 2052.
76
Calculate the greatest common factor of 91 and 26.
13
What is the highest common divisor of 764 and 4?
4
What is the highest common divisor of 19642 and 28?
14
What is the highest common divisor of 82 and 19762?
82
What is the highest common divisor of 57 and 105?
3
Calculate the greatest common factor of 427 and 1891.
61
Calculate the greatest common divisor of 417 and 3.
3
What is the greatest common divisor of 760 and 40?
40
Calculate the greatest common divisor of 6561 and 243.
243
Calculate the highest common divisor of 420 and 84.
84
Calculate the highest common factor of 60 and 40.
20
Calculate the highest common divisor of 1159 and 38.
19
Calculate the greatest common divisor of 198 and 88.
22
Calculate the highest common divisor of 360 and 810.
90
Calculate the highest common divisor of 455 and 1155.
35
What is the greatest common factor of 80 and 144?
16
Calculate the highest common divisor of 20 and 145.
5
What is the greatest common factor of 152 and 703?
19
Calculate the greatest common factor of 3840 and 24.
24
Calculate the highest common factor of 66 and 492.
6
What is the highest common factor of 104 and 299?
13
What is the greatest common divisor of 22 and 121?
11
Calculate the highest common factor of 48 and 1512.
24
Calculate the greatest common factor of 693 and 7560.
63
What is the greatest common divisor of 21 and 56?
7
What is the highest common divisor of 13 and 26?
13
Calculate the greatest common factor of 884 and 204.
68
Calculate the highest common divisor of 1602 and 108.
18
Calculate the greatest common divisor of 176 and 880.
176
Calculate the highest common factor of 168 and 616.
56
Calculate the highest common factor of 252 and 224.
28
Calculate the greatest common factor of 128 and 12.
4
Calculate the highest common factor of 364 and 143.
13
Calculate the greatest common factor of 8397 and 81.
27
Calculate the highest common divisor of 42 and 8442.
42
What is the highest common factor of 261 and 203?
29
Calculate the greatest common factor of 224 and 434.
14
What is the greatest common factor of 826 and 295?
59
Calculate the greatest common factor of 44 and 6.
2
Calculate the greatest common factor of 67 and 8643.
67
What is the highest common factor of 117 and 221?
13
What is the highest common divisor of 64 and 1088?
64
What is the highest common divisor of 1794 and 2?
2
What is the greatest common factor of 692 and 1903?
173
What is the highest common factor of 25781 and 127?
127
What is the greatest common factor of 74 and 2368?
74
Calculate the highest common divisor of 1298 and 118.
118
What is the highest common factor of 624 and 39?
39
What is the highest common divisor of 1632 and 255?
51
Calculate the highest common factor of 6244 and 56.
28
What is the greatest common divisor of 441 and 45?
9
Calculate the highest common factor of 495 and 55.
55
What is the greatest common divisor of 39 and 91?
13
What is the greatest common factor of 156 and 12?
12
What is the greatest common divisor of 4228 and 84?
28
Calculate the greatest common divisor of 99 and 220.
11
What is the highest common divisor of 130 and 10?
10
Calculate the highest common factor of 154 and 2632.
14
Calculate the highest common factor of 82 and 41.
41
What is the highest common divisor of 135 and 1635?
15
What is the highest common divisor of 15 and 35?
5
Calculate the highest common factor of 116 and 13891.
29
Calculate the greatest common factor of 1312 and 82.
82
What is the greatest common factor of 1573 and 286?
143
Calculate the highest common divisor of 18 and 3744.
18
What is the greatest common divisor of 23478 and 28?
14
Calculate the greatest common divisor of 994 and 70.
14
What is the greatest common factor of 7775 and 5?
5
Calculate the highest common factor of 45 and 285.
15
What is the greatest common divisor of 23 and 138?
23
Calculate the greatest common factor of 55 and 10615.
55
Calculate the highest common factor of 105 and 70.
35
What is the greatest common factor of 165 and 1760?
55
Calculate the greatest common factor of 44 and 40.
4
Calculate the greatest common factor of 145 and 928.
29
What is the highest common factor of 60 and 40?
20
What is the greatest common divisor of 72 and 144?
72
Calculate the highest common divisor of 2618 and 77.
77
Calculate the highest common factor of 3925 and 25.
25
What is the highest common divisor of 3534 and 285?
57
Calculate the highest common factor of 412 and 12.
4
What is the greatest common factor of 72 and 128?
8
What is the greatest common factor of 2494 and 58?
58
What is the highest common factor of 5221 and 115?
23
Calculate the greatest common divisor of 2425 and 97.
97
What is the highest common factor of 40 and 1835?
5
Calculate the greatest common factor of 160 and 3760.
80
What is the highest common factor of 34 and 3434?
34
What is the highest common factor of 21 and 525?
21
What is the greatest common divisor of 378 and 168?
42
Calculate the greatest common divisor of 207 and 17664.
69
What is the highest common divisor of 116 and 2494?
58
Calculate the highest common factor of 57 and 1767.
57
What is the highest common factor of 7371 and 182?
91
Calculate the greatest common divisor of 2882 and 770.
22
What is the greatest common factor of 3230 and 1710?
190
What is the highest common factor of 16 and 328?
8
What is the greatest common factor of 315 and 450?
45
Calculate the highest common divisor of 1104 and 4784.
368
What is the greatest common factor of 50 and 80?
10
What is the greatest common divisor of 247 a